= 4*v - 5*u - r. Suppose -4*g + 3*z = -128, 4*z - 19 = -g + 13. Calculate the remainder when g is divided by v.
10
Let t = 4 + -2. Suppose 5*j = 4*j + 3*h + 29, 4*j + t*h - 88 = 0. Calculate the remainder when j is divided by 12.
11
Let b(v) = 13*v - 18. What is the remainder when b(8) is divided by 22?
20
Let q = -55 + 101. Calculate the remainder when q is divided by 12.
10
Suppose -10*a = -15*a + 60. Calculate the remainder when a is divided by 5.
2
Let o = 70 - 66. Calculate the remainder when 79 is divided by o.
3
Let d = 286 + -144. Calculate the remainder when d is divided by 16.
14
Suppose -2*m - 52 = -5*d, 2*d + 2*m = 3*d - 4. What is the remainder when 10 is divided by 4/16*(0 + d)?
1
Let n(v) = 3*v**2 + 4*v - 1. Let b be 9/(-21) + 32/(-7). Calculate the remainder when n(b) is divided by 19.
16
Let o be -1 + (-20)/(-5) + -2. Let h = 7 - 5. Calculate the remainder when 18 is divided by h - (-9 + 1/o).
8
Let f be 0 - 4*(-4)/8. Suppose -f*p - 10 = 0, 0*p = -4*n + p + 21. What is the remainder when 9 is divided by n?
1
Let a be (0 - (4 + 1))/((-16)/(-16)). Let p be -15*2/(-3)*-1. Let z = a - p. What is the remainder when 18 is divided by z?
3
Let n(h) = -10*h + 36. Calculate the remainder when n(-11) is divided by 37.
35
What is the remainder when 39 is divided by (-4)/(-6) - (-427)/21?
18
Let n(i) = -i**2 - 4*i - 4. Let l be n(-3). Let b(r) = -13*r**3 + r. Calculate the remainder when 1/4 + 278/8 is divided by b(l).
11
Calculate the remainder when 14 is divided by (1 - 15/12)*-40.
4
Let y(s) = -s**3 - 6*s**2 - 4*s + 6. Let n = -8 - -9. Calculate the remainder when n is divided by y(-5).
0
Suppose 0 = 10*g - 21*g + 143. What is the remainder when 40 - 4/(2 - 0) is divided by g?
12
Let w = 131 - 94. Suppose -118 = -3*r - 346. Calculate the remainder when w is divided by (-2)/((-8)/r)*-1.
18
Suppose 0*m + 12 = -3*m. What is the remainder when 3 is divided by (-4)/8*(m + 0)?
1
Suppose -13*o = -3*o - 130. What is the remainder when 38 is divided by o?
12
Suppose z - 5*q = -11, z - 2*q + 0 = 1. Let g = z + -4. Calculate the remainder when 19 is divided by g.
4
Suppose 5*y = 0, 2*w + 3*y = -0*w + 34. Let i = 37 + -28. Calculate the remainder when w is divided by i.
8
Let q(k) = k**2 + 3*k + 6. Calculate the remainder when 26 is divided by q(-4).
6
Let o = 192 - 90. What is the remainder when o is divided by 26?
24
Let w = 43 + -71. Let z = w - -42. Suppose -4*d - g + 19 = 0, -2*g = d - 3 - 7. What is the remainder when z is divided by d?
2
Suppose -z + 37 = -5*l, 9*z + 4*l = 4*z + 40. What is the remainder when 45 is divided by z?
9
Let u(f) = f**3 + 5*f**2 + 2*f + 1. What is the remainder when 97 is divided by u(-4)?
7
Suppose 2*t + 10 = 32. Calculate the remainder when 21 is divided by t.
10
Suppose -4*n - 77 = -3*b, n = -3*b - 2*n + 42. What is the remainder when 1318/18 - (-10)/(-45) is divided by b?
16
Let m = 49 + -12. Let w(g) be the second derivative of -g**3/3 + g**2 - 2*g. Calculate the remainder when m is divided by w(-4).
7
Let i(t) = t - 4. Calculate the remainder when 37 is divided by i(14).
7
Suppose 0 = p - 5 + 1. Suppose p*o = 29 + 83. Suppose 0 = 6*j - 8*j + 20. What is the remainder when o is divided by j?
8
Let z = 170 + -164. What is the remainder when 6 is divided by z?
0
Let y(l) = -9*l - 1. Let v be y(-2). Suppose -4*b - w = -v, -14 = b - 2*b + 3*w. What is the remainder when (-65)/(-5) - 0/2 is divided by b?
3
Let b = 26 + -21. Calculate the remainder when 14 is divided by b.
4
Let g(y) = 2*y**2 + 3*y + 3. Let i be g(-2). Suppose -5*s = 10, r - 2*s + 5*s - i = 0. Calculate the remainder when 43 is divided by r.
10
Let g = 16 + -11. Let c = -2 + g. Suppose -8*n = -5*n - 12. Calculate the remainder when n is divided by c.
1
Calculate the remainder when (-1250)/(-35) + 2/7 is divided by 13.
10
Let l(a) = a**3 + a**2 - a + 5. Suppose 0 = 5*t - d - 24, 0 = -2*t - 5*d + d - 8. Suppose -2*y + t*y = 0. What is the remainder when l(y) is divided by 2?
1
Suppose 2 + 10 = 3*m. Suppose -4*k + 20 + 44 = 2*i, 0 = -2*k + i + 24. Calculate the remainder when k is divided by m.
2
What is the remainder when 29 is divided by 30/(-5)*(-16)/6?
13
Suppose 3*q - 202 = 113. Calculate the remainder when q is divided by 12.
9
Let z = -12 + 15. Suppose 5*r - 13 = -z. Calculate the remainder when 3 is divided by r.
1
Suppose -2*s = 2*d - 27 - 27, 0 = d + 2*s - 30. What is the remainder when d is divided by 13?
11
Let v be 2/3 + (-1680)/(-18). Suppose 0 = -5*p - 0*p + 2*x + v, 20 = p - x. Calculate the remainder when 52 is divided by p.
16
Suppose -14*p + 11*p = -45. What is the remainder when 26 is divided by p?
11
Let l(g) = -7 - 2*g + 2 - 4*g**2 + g**3 - 2*g**3. Calculate the remainder when (21/(-6))/(2/(-4)) is divided by l(-4).
1
Let z = -42 - -100. Calculate the remainder when z is divided by 20.
18
Let v(r) = 3*r**3 - 2*r + 1. What is the remainder when 5 is divided by v(1)?
1
Suppose 5*c - 1017 = -5*h + 463, 5*c + 296 = h. Let a be (6/4)/(6/h). Let g = -43 + a. What is the remainder when g is divided by 11?
9
Suppose 5*p = -u - 2*u + 123, -2*p - 6 = 0. Calculate the remainder when u is divided by (-2 - 10)/(6/(-8)).
14
Let w be 2/6*(5 + 1). Suppose w*f = 7*f - 60. Calculate the remainder when 59 is divided by f.
11
Suppose 0 = -3*b + 2*b + 3. Suppose a - 36 = b*l - 140, 5*l = 4*a + 164. Let q = l - 10. Calculate the remainder when q is divided by 14.
12
Let u(s) = s**3 + 7*s**2 - 8*s + 9. What is the remainder when 16 is divided by u(-8)?
7
Let a be (-8)/(-6)*(-72)/(-16). Let w be (92/(-6))/(2/a). Let k = w - -76. What is the remainder when k is divided by 16?
14
Suppose o + 0*o = -5*p + 37, 0 = -5*o - p + 113. Let m(t) = -2*t + 5*t + 4 - 4*t. What is the remainder when o is divided by m(-8)?
10
Let g = 9 + 22. Let d(s) = s**3 + 9*s**2 - 11*s + 1. Suppose 50 = 2*l - 7*l. Calculate the remainder when g is divided by d(l).
9
Suppose 0 = -5*a - u - 2, -10 = -4*a - u + 6*u. Suppose 0 = -a*i + 4*i - 32. What is the remainder when 15 is divided by i?
7
Let t = -6 + 2. Calculate the remainder when (-576)/(-22) + t/22 is divided by 9.
8
Suppose 5*i = -5, 0 = 4*o - 5*i - 439 + 102. Calculate the remainder when o is divided by 21.
20
Suppose -96 = -4*i - 0*l - 3*l, -l - 59 = -3*i. Calculate the remainder when i is divided by 11.
10
Suppose 0 = 3*m - 1 - 41. Suppose -2*g = -5*v - m - 13, 4*g = -2*v - 6. Calculate the remainder when 1 is divided by g.
0
Let p(i) = i**2 - 22*i - 46. Calculate the remainder when p(28) is divided by 31.
29
Let v(q) = q + 7. Let u(b) = -1. Let t(d) = -2*u(d) + v(d). Calculate the remainder when 48 is divided by t(8).
14
Let w(k) = k**2 - 11*k - 9. Let z be w(9). Let p = -16 - z. Let d = -17 - -60. Calculate the remainder when d is divided by p.
10
Let g(o) = -5*o - 1 + 4*o + 30*o**2 - o. Calculate the remainder when g(-1) is divided by 11.
9
Suppose -2*v + 3*v - 144 = -2*z, 363 = 5*z + 4*v. Calculate the remainder when z is divided by 36.
35
Let d(w) = -w**2 + 9*w + 4. Let b be d(9). Suppose 4*s - 16 = b*x - s, -3*x = -5*s + 17. Calculate the remainder when 31 is divided by (80/(-25))/(x/(-5)).
15
Let g(t) = 2*t**2 + 13*t + 17. What is the remainder when g(-7) is divided by 9?
6
Suppose 5*w - 25 = 0, -5*i + 4*w + w + 215 = 0. What is the remainder when i is divided by 13?
9
Let s(h) = -7*h - 2*h**2 + 5*h**2 - 2*h**2 - 2. Let z = -11 + 19. What is the remainder when 16 is divided by s(z)?
4
Let u(z) = 3*z**3 - 2*z + 1. Let m be u(1). Suppose -300 = -m*l - 3*l. Suppose -l = 5*g - 165. Calculate the remainder when 62 is divided by g.
20
Calculate the remainder when (-56)/(-1) + 2/(-2) is divided by 14.
13
Let j(c) = -c**3 - 5*c**2 + 5*c - 7. Let t be j(-6). Let h = -141 + 131. Calculate the remainder when 34 is divided by 30*t/h*4.
10
Let g(w) be the first derivative of 19*w - 1 + 1/2*w**2. Calculate the remainder when 19 is divided by g(-9).
9
Suppose -m + 39 = x, -2*x = 2*x - 4*m - 172. Calculate the remainder when x is divided by 26.
15
Let b(v) = 5*v**3 - v. Let x(t) = t + 10. Calculate the remainder when b(1) is divided by x(-8).
0
Let v be (-1 - 3/2)*6. Calculate the remainder when ((-42)/v - 2)*40 is divided by 17.
15
Let p = -5 + 11. Suppose 0 = 2*v - x + 13 - p, -3*x = 3*v - 3. What is the remainder when 15 is 